en b is divided by 30.
4
Let q(p) = -p**3 + 26*p**2 + 26*p + 30. Calculate the remainder when 69 is divided by q(27).
0
Let z = 15 - 12. Suppose 2*j - l - 70 = 0, 74 = 5*j - z*l - 102. Calculate the remainder when (((-224)/12)/(-7))/(8/300) is divided by j.
32
Suppose 12*o = 1186 + 674. Calculate the remainder when o is divided by 33.
23
Let a = -2146 + 2206. Let d(o) = o + 1 - 3*o**2 + 0*o + 19*o**2. What is the remainder when a is divided by d(-1)?
12
Let a(i) = -i**3 + 15*i**2 - 23*i - 22. Calculate the remainder when 66 is divided by a(13).
15
Suppose y = -2*i + 9, -y - 3 = 4*i + i. Suppose -19*k + y*k = -32. What is the remainder when k is divided by 4?
0
Let p = 77 - 60. Let v = -11 + p. Calculate the remainder when v is divided by 5.
1
Let s = 30 + 33. Suppose 3*c - 3*u - 60 = 0, -3*c + s = -3*u + u. What is the remainder when c is divided by 13?
10
Suppose -p - 2*f + 77 = -4*f, 4*p + 5*f = 295. Suppose 34*m = -40*m + 1184. What is the remainder when p is divided by m?
11
Suppose -32*p + 3*p = -4379. Calculate the remainder when p is divided by 77.
74
Let t(p) = -p**2 + 1. Let c(g) = -4*g**2 + g + 5. Let f(b) = c(b) - 5*t(b). Calculate the remainder when -1*(3 - 2) - -46 is divided by f(-4).
9
Let t(h) = h**2 - 4*h + 6. Let r be t(4). What is the remainder when r/9 - 905/(-15) is divided by 21?
19
Let n = -15 + 83. Suppose -j = -4*f - f + 172, -f + 50 = 5*j. What is the remainder when n is divided by f?
33
Let x(j) = 9*j**2. Let b be x(8). Suppose i = 4*n + 177, n = 3*i + 4*n - b. What is the remainder when i is divided by 48?
45
Let u(d) = -2*d. Let k be u(-19). Let x(w) = 3*w**2 - w - 1. Let v be x(3). Let n = k - v. Calculate the remainder when n is divided by 4.
3
Suppose -3*u = -0*u + 6, -4*u = b + 6. Suppose 4*p = 0, b*p = o - 3 - 5. Calculate the remainder when 21 is divided by o.
5
Suppose 0 = -5*h + j + 9 + 7, 0 = 2*j - 8. Suppose 5*g = g - h. Calculate the remainder when 10 is divided by g/(-3 - (-40)/14).
3
Calculate the remainder when (121/6)/((-153)/54 - -3) is divided by 37.
10
Let g be 48/(-30) + 2 - (-2483)/5. Suppose 0 = 8*u - g - 15. Calculate the remainder when u is divided by 24.
16
Suppose -x + 8 = x. Suppose 2*g + 7*g + 9 = 0. Calculate the remainder when (g + 56/20)*5/1 is divided by x.
1
Let x = -12149 + 12193. What is the remainder when (264 - 2)*(-2)/(-4) is divided by x?
43
Let p(v) = -2*v**3 + v**2 - 3*v + 2. Let j be p(1). Let y be (12/(-5))/(12/(-80)). Let f = y + j. What is the remainder when 26 is divided by f?
12
Calculate the remainder when (366/12)/((-4)/(-16)) + 0 is divided by 23.
7
Let y = 337 - 311. Calculate the remainder when 179 is divided by y.
23
Let f(h) = -3*h + 2. Suppose p = 6*p + 25. Suppose k + 52 = 3*k + 2*y, 4*y = k - 46. What is the remainder when k is divided by f(p)?
13
Let u(t) = t**2 - 14*t + 20. Let b be u(13). Suppose d + 2 = 5*m, -4*m - d + b = -0*m. Calculate the remainder when 4 is divided by m.
0
Suppose 699 - 1057 = -179*z. Suppose 3*m = 2*m. Suppose -t - 3*t + 20 = m. What is the remainder when t is divided by z?
1
Suppose -3*z - 8 = 2*w - z, 3*w = 2*z + 8. Suppose w*f + 19 = 3*f - 5*y, -20 = -5*y. Let v = 48 - 12. Calculate the remainder when v is divided by f.
10
Calculate the remainder when 8 is divided by (-552)/(-90) + 10/(-75).
2
Let i(p) = -5*p + 9. Let d(q) = -21*q + 37. Let m(a) = -2*d(a) + 9*i(a). Calculate the remainder when 110 is divided by m(-7).
26
Suppose o = 6 - 2. Suppose o*n - 126 = -p, 0 = -4*p - 3*n + 200 + 369. Suppose 0 = q + q - p. What is the remainder when q is divided by 25?
23
Suppose u = -2*r + 80, 0*r + 435 = 5*u + 3*r. Let m = u + -63. Calculate the remainder when m is divided by 15.
12
Let t(z) = -4*z - 19. Let k be t(-5). What is the remainder when (k + (-9)/6)*-156 is divided by 20?
18
Suppose 3*k + 0*k - 31 = -4*p, -2*k = -p + 16. Suppose 82 + p = 2*i. Calculate the remainder when i is divided by 12.
10
Let i(g) = g - 4. Let o be i(8). Suppose 92 = -o*w + 8*w. Calculate the remainder when w is divided by (-328)/(-44) + (-48)/(-88).
7
Calculate the remainder when (-1)/(-6) + (-221)/(-6) is divided by 9.
1
Let f(n) = -39*n**3 + n - 3. Let h(r) = -19*r**3 + r - 2. Let k(j) = -4*f(j) + 7*h(j). What is the remainder when k(1) is divided by 13?
11
Let c be ((-7)/7 - -3)*104/1. What is the remainder when (c/(-12) + 4)/(2/(-12)) is divided by 14?
10
Suppose 0 = -2*n + 237 - 149. What is the remainder when n is divided by 15?
14
Let c(v) = v - 27. Let g be c(0). Let j(k) = -14*k**2 - k - 1. Let q be j(-2). Let i = g - q. What is the remainder when 54 is divided by i?
26
Suppose 3*h + 5*i = 40, -5*h + 2*i = -42 + 27. Let o(w) = 81*w. Let v(z) = 23*z. Let t(x) = -5*o(x) + 18*v(x). What is the remainder when t(2) is divided by h?
3
Let u = 905 - 855. Let t(g) = 3*g**2 - 4*g - 3. Calculate the remainder when u is divided by t(4).
21
Calculate the remainder when ((-664)/(-14))/((-2)/(-14)) is divided by 67.
64
Suppose -426 + 520 = 2*a. What is the remainder when 126 is divided by a?
32
Let r(n) = -n - 5. Let v be r(-1). What is the remainder when 31 is divided by (-4)/(-6)*(-66)/v?
9
Let i(m) = -10*m + 37. Let f(v) = 51*v - 184. Let g(w) = -2*f(w) - 11*i(w). Calculate the remainder when 130 is divided by g(9).
31
Suppose 11*n - 50 = 10*n - 4*p, 43 = n - 3*p. What is the remainder when 89 is divided by n?
43
Suppose 5*l = x - 214, 3*l = -4*x - l + 976. Calculate the remainder when x is divided by 30.
29
Let j = -984 - -1121. Calculate the remainder when 550 is divided by j.
2
Suppose 0*w = 2*o + w - 18, 9 = o + 3*w. Suppose o*x = 4*x + 20, 3*x - 24 = -2*f. Calculate the remainder when 63 is divided by f.
3
Let d(l) = -l**3 - l**2 - 2*l - 1. Let z be d(-1). Let c = 3 + z. What is the remainder when 20 + c/(4/3) is divided by 12?
11
Let c = 465 + -347. Calculate the remainder when c is divided by 39.
1
Let w = 301 - 279. What is the remainder when w is divided by 14?
8
Suppose -64*j = -26*j - 1938. Calculate the remainder when j is divided by 20.
11
Let b(s) = s**2 - 11*s + 12. Let v be b(10). Suppose -v*a = 7 - 13. Suppose -87 = -6*h + a*h. What is the remainder when h is divided by 16?
13
Suppose 312 = -2*n + 14*n. What is the remainder when 44 is divided by n?
18
Suppose -3*q = 0, -g + 6*g + 5*q - 575 = 0. Let n = g + -61. Suppose 52 = 3*s + 10. Calculate the remainder when n is divided by s.
12
Suppose -10*l + 257 + 3 = 0. What is the remainder when 115 is divided by l?
11
Suppose -962 = 7*d - 9*d. Calculate the remainder when 0 - 2 - 80/(-1) is divided by 3/2 + d/26.
18
Let a(y) = 2*y**2 - 3*y - 1. Let i be a(-1). Suppose i*l + 6*c - 69 = 3*c, 4*l + c - 71 = 0. Let n = 18 + 16. What is the remainder when n is divided by l?
16
Let b(q) = 4*q + 5. Let a be b(3). Let d be 12/16 + a/4. Suppose 3*z + d*x = 40, 4*z - 34 = 3*x - 0*x. Calculate the remainder when 28 is divided by z.
8
Let u(a) = -3*a**3 + 16*a**2 + 12*a - 42. Let d(r) = r**3 - 5*r**2 - 4*r + 14. Let b(s) = 11*d(s) + 4*u(s). Calculate the remainder when b(9) is divided by 9.
4
Let c = 13 + -10. Suppose 0 = 3*s + c*a - 98 - 7, 5*s - 2*a = 189. Calculate the remainder when s is divided by (-19)/2*(-2 - 0).
18
Let l(w) = w + 4*w - 8 + w**2 - 15*w. What is the remainder when 5 is divided by l(11)?
2
Let n be (38/(-7) + 6)/((-4)/(-14)). Calculate the remainder when 116 is divided by (-12)/((2/(-8))/(1/n)).
20
Let g(c) = -67*c**2 - 5*c + 2. Let p(a) = -133*a**2 - 9*a + 4. Let l(h) = 5*g(h) - 3*p(h). Calculate the remainder when l(1) is divided by 13.
12
Suppose 0 = 18*h - 16*h - 4. Calculate the remainder when (5 - 3 - 0)*29/h is divided by 16.
13
Let u = -24 - -43. Let m(d) = 10*d - 7. Let x be 8 + 0/((-8)/(-2)). Calculate the remainder when m(x) is divided by u.
16
Suppose 0*o - v + 77 = 5*o, 4*o + 4*v - 68 = 0. What is the remainder when o is divided by 9?
6
Let w = 33 + 218. What is the remainder when w is divided by 63?
62
Let n = -185 + 318. Suppose 0 = -0*r + 4*r - 12. Suppose -2*d - 44 = 2*b - r*b, -4*b = -d - 141. Calculate the remainder when n is divided by b.
31
Let j(q) = -5*q + 2. Let n be j(-3). Let p = 24 - n. Let r = -55 + 66. Calculate the remainder when r is divided by p.
4
Let w = -34 - -50. Let b be (-2)/(-6) + 40/(-12). Calculate the remainder when -1*(b + 2 - 28) is divid